+ i - 20 = 0, 0 = 2*n + x*i - 8. Suppose -4*s + n*o = -212, -3*s + 32 = 3*o - 127. Is s prime?
True
Let r be (6/9)/((-2)/(-21)). Suppose -r + 3 = -y. Suppose k - y = 0, 4*a + 4*k = k + 184. Is a a prime number?
True
Suppose -y = 3*y, u + y = -6118. Let n = 11345 + u. Is n prime?
True
Suppose 2 = -6*q + 26. Let r be 9*q/24*-4. Is 2331/r*4/(-6) composite?
True
Suppose 5*x - 295 = -5*t, -4*x = -2*t + 3*t - 251. Let b = 36 - x. Is (-5355)/b - (-1)/(-4) composite?
False
Suppose -68 = 6*r - 2*r. Let g = r - -17. Suppose g*z - 1924 = -4*z. Is z a prime number?
False
Let w(q) = -q**3 - q**2 + 4*q. Let u be w(-3). Suppose 1259 = 7*s - u*s. Is s prime?
True
Let n = 2110 - 1796. Is n prime?
False
Suppose 5*j - 24009 - 15239 = u, 3*j - 2*u - 23553 = 0. Is j composite?
True
Is (0 + 13)/(19/22097) + 2 a prime number?
True
Let z(i) = -9*i + 9. Let t be z(-6). Let w = t + 160. Is w a prime number?
True
Suppose -2*c = w - 7, c + 12 = -4*w - 2. Suppose 8*x - c*x = 74. Is x a prime number?
True
Suppose 4*y - 5*a - 10917 = 0, -4*y - 5*a = -8*a - 10907. Is y composite?
True
Suppose 0 = 3*p - 0*p + 6. Let i be p*6 - (8 + -5). Let d(u) = u**2 - 12*u + 22. Is d(i) a composite number?
True
Is (12 - 46712/(-56))/(1/7) a prime number?
True
Suppose -2*w + 762 = 3*s - 676, -2*s + 3595 = 5*w. Is (w/(-1))/(-3 - -2) prime?
True
Let m(y) = -77*y**2 - 7 - y + 67*y**2 + 89*y**2. Is m(-5) a prime number?
True
Suppose -51143 = 71*c - 304329. Is c a composite number?
True
Let s(g) = -50*g - 81. Is s(-15) a prime number?
False
Let f = -14 - -28. Let y = -10 + f. Suppose c = 3*v - 384, 0 = 3*c + y + 5. Is v a prime number?
True
Let l be (2*4/(-6))/((-14)/21). Suppose -b = -l*h + 2673, 4*b - 2*b - 2 = 0. Is h prime?
False
Let t be (10/(-4))/((-11)/44). Suppose t*l - 10 = 5*l. Suppose -3*z = l*z + 2*p - 3745, 5*p = 5*z - 3745. Is z composite?
True
Suppose 0 - 10 = -5*c. Let l be c - 4/(-12)*3. Suppose 4*b = -s + 73, -8*b + l*s = -4*b - 85. Is b prime?
True
Let r(a) = 3*a + 12. Suppose -2*o = 2*k - o + 10, -2*k - 10 = 4*o. Let q be r(k). Is ((-3)/(-6))/(q/(-3174)) prime?
False
Let h(m) = 0*m**2 - 141*m**3 + 3 + m**2 + 56*m**3 + 4*m. Is h(-2) a composite number?
True
Let h(t) = t**2 + 13*t - 11. Let m be h(-14). Suppose 0*j - 3*j + m*x - 48 = 0, -5*j + x = 88. Let w = j + 33. Is w a prime number?
False
Let a be 1/(0 - -1) + 1 + 1. Suppose 5*g - 17 = 3. Suppose -g*p + 199 = -a*p. Is p a composite number?
False
Suppose -45492 = -4*w - 4*f - 0*f, -2*f - 56837 = -5*w. Is w composite?
False
Suppose -139*r + 137*r = -37678. Is r a prime number?
True
Let c(j) = 12*j - 19. Let q = 27 - -25. Suppose 0 = -7*u + 11 + q. Is c(u) a prime number?
True
Let d(b) = b**3 + 6*b**2 - 9*b - 9. Let s be d(-7). Suppose -3*z + 0*o + 5*o = 1261, s*o - 25 = 0. Is 7/((-14)/z) + 3 composite?
True
Let l be 855/4 - (-4)/16. Suppose 45 = 2*i - 665. Let v = i - l. Is v a prime number?
False
Suppose -2*g + 2*n + 8814 = 0, 4*g + 17629 = 8*g - 5*n. Is g composite?
True
Let d(n) = -705*n + 104. Is d(-5) composite?
True
Is 3/(90/845426) - (-74)/555 prime?
True
Suppose 41 = -2*t - 3*z - 3, -66 = 3*t + 5*z. Let v = t + 23. Is -1 + v + -1 - -494 composite?
True
Suppose 3*h + 4095 = 3*q, -4*q - 1946 + 7402 = -2*h. Is q a prime number?
False
Let t(n) = n**2 + 7*n + 5. Let g be t(-6). Let w be -2*(154/(-4) - g). Let c = w - 24. Is c prime?
False
Suppose -3*p - 2*p = -30. Is (2/p)/((-2)/(-17838)) a composite number?
True
Let m(v) be the second derivative of 2*v**4/3 - v**3 - 7*v**2/2 + 4*v. Let o = 17 + -6. Is m(o) composite?
True
Let b = 8 + 7. Suppose 0 = 2*c - o + 11, 0 = -5*c - o + 6*o - b. Let r(q) = -q**3 - 7*q**2 + 6*q - 1. Is r(c) a composite number?
True
Let d be 3*(0 - 5 - 3). Let c be 3/(6/2) + -2. Let i = c - d. Is i a composite number?
False
Suppose -11 = -2*p - 3. Suppose 7 = o + 2*d - 76, -332 = -p*o + 4*d. Is o prime?
True
Let y be ((-388)/(-6))/(-2)*(-5 + -1). Let r = -102 + 5. Let t = y - r. Is t a prime number?
False
Let c(i) = 196*i**2 + 14*i - 17. Is c(-7) prime?
False
Suppose -5*s = 4*r - 30992, 7757 = -7*r + 8*r - s. Is r a prime number?
True
Let c(v) = -v**3 - v**2 + 44. Let u be 0 - 3 - -4 - 1. Let s be c(u). Suppose -254 = -2*z + s. Is z composite?
False
Suppose -3*y = 3*i - 48156, -5*i + 5854 = 4*y - 74411. Is i a prime number?
True
Let a = -42 + 37. Let i(t) = -225*t + 12. Is i(a) a composite number?
True
Let t = 26 - 55. Let z(l) = -283*l - 66. Is z(t) a prime number?
False
Suppose 0 = 7*g - 18*g + 55. Suppose -1434 = -y + v, y + g*v + 1422 = 2*y. Is y a composite number?
True
Suppose -15 = z - 2*w - 5, 14 = -z - 2*w. Let c = -9 - z. Suppose -c*x = -0*x - 1923. Is x prime?
True
Let h be 18/(-99) + 11948/11. Suppose -3*b - h = -5*n - 96, -2*b = -10. Is n a prime number?
False
Suppose 2*v = 3*v - 2*w + 2000, -5*v + 5*w - 10010 = 0. Let u = v - -969. Let b = u + 1454. Is b prime?
True
Let i = 12 - 10. Suppose i*o = q - 291, 10*o + 276 = q + 5*o. Is q prime?
False
Suppose 3*l + 5 = 2. Let q be -2 + l/((-3)/(-84)). Let z = q + 119. Is z composite?
False
Suppose -15*c + 159 + 11271 = 0. Suppose -3*q = 1530 - 186. Let y = c + q. Is y composite?
True
Let f(p) = 3*p**2 - 68*p + 134. Is f(-37) composite?
True
Let d(g) = 24*g**3 + g. Let a = 2 - -1. Let l = a - 2. Is d(l) composite?
True
Let y(w) = 2*w**2 + 5*w + 1. Let t be y(-4). Let p = 10 - t. Is 93*4*p/(-36) a composite number?
False
Let t(n) = -4 - 2 - 3*n + 8*n**2 - 6 + 5. Is t(-6) a prime number?
False
Suppose -30*l = -31*l + 391. Suppose -5*n + 2*h = -677 - 287, -h + l = 2*n. Is n a composite number?
True
Suppose 4*o = 2*l - 738, -4*l - 5*o + 756 = -2*l. Suppose 10 = -5*b, b + 2*b - l = -k. Is k a composite number?
False
Let s = -76 + 38. Is 4/s + (-93429)/(-57) a composite number?
True
Let q(t) = -1. Let p(d) = 107*d**2 - 12*d + 3. Let y(g) = p(g) - 4*q(g). Let j be y(5). Let n = j - 1429. Is n composite?
False
Suppose f = 6*f - 10. Suppose -f*z + z + 2 = 0. Suppose 3*r = -k + 598, 4*r + z*k - 268 = 530. Is r a prime number?
True
Let n = 42 + 12. Is (2/(-3))/(12/n) - -310 composite?
False
Suppose 1005 = -2*i - 3*i. Let u(a) = -2*a + 6. Let k be u(-8). Let r = k - i. Is r composite?
False
Suppose 37*o + 794729 - 5523588 = 0. Is o composite?
False
Let a(u) = u**3 + u**2 + 5. Let n be a(0). Let o(j) = -1 + 10*j**2 + 4*j - 5 - 2 + n. Is o(-4) a prime number?
False
Let k(x) = 71*x - 1. Let c be k(-2). Let n be -326 + -1 - (1 + 0). Let b = c - n. Is b a composite number?
True
Let m(y) = 6*y - 26. Let j be m(5). Let x = j + 135. Is x prime?
True
Let d(j) = 2 - j - 1 + 3*j**3 + 2*j**2 - 5*j. Suppose n = 43*t - 41*t + 4, -2*n = 5*t - 8. Is d(n) composite?
True
Suppose 7*o + 2*o = 5*o. Suppose 2*x - 3*x + 1207 = o. Is x prime?
False
Let h(b) be the third derivative of 31*b**4/24 + 3*b**3/2 - 3*b**2. Let u be h(6). Let s = -98 + u. Is s a composite number?
False
Suppose -53*a = -49*a - 11044. Is a composite?
True
Suppose -5*p - 6075 = 5*u, -2*p - 4*u + 985 - 3423 = 0. Let y = 500 + -1034. Let o = y - p. Is o prime?
True
Is (2 + 28193)*(6/3 + -1) a composite number?
True
Let x(w) = -38*w**2 - 36*w - 8. Let b be x(8). Is 2 + b/(-4) + 5 a composite number?
True
Let o(y) = 227*y + 25. Is o(6) a composite number?
True
Let l be -3*(1 + (0 - 0)). Let z be 4 - (1 + 3/l). Suppose 25 - z = s. Is s prime?
False
Suppose 4*b = -4*c + 2504, 0 = -3*b - 5*c + 1639 + 249. Suppose 3*g + 3 = 0, 3*h + 4*g - g + 969 = 0. Let z = h + b. Is z prime?
False
Let m(k) = k + 11. Let p be m(-9). Is (-239 + (3 - p))/(-2) composite?
True
Let d = 6747 - -524. Is d a prime number?
False
Let g = -3 - -6. Suppose 4*n = 3*x - 2, g*n + 6 = 4*x + n. Is (-4095)/(-14) - x/(-4) composite?
False
Suppose f - 168 = -3*f. Suppose -2*d = -0*d + 2*k - 96, d - f = -3*k. Is d prime?
False
Let n = 15688 - 581. Is n prime?
True
Suppose 6935 = 8*x + 2551. Let d = x - 61. Is d a prime number?
True
Suppose -3 = -9*c + 15. Suppose -c*g - 2*g + 6220 = 0. Is g a prime number?
False
Suppose 2764 = -12*g + 16*g. Is g composite?
False
Let r(w) = -2*w**2 - 33*w - 2. Let b be r(-10). Suppose -2*j + b + 342 = 0. Is j prime?
False
Suppose -3*f - 15102 = -5*g + 5328, 12254 = 3*g - f. Is g prime?
False
Let c = 87 + -85. Is 1 - c - 632*-1 a composite number?
False
Let j = -3915 - -7078. Is j prime?
True
Suppose -a + 6 = -5*